rs of 4650267.
3, 109, 14221
List the prime factors of 185828.
2, 46457
List the prime factors of 5778158.
2, 2889079
What are the prime factors of 422609?
11, 103, 373
What are the prime factors of 4607028?
2, 3, 127973
What are the prime factors of 494220?
2, 3, 5, 8237
What are the prime factors of 2833804?
2, 53, 13367
What are the prime factors of 49121?
49121
List the prime factors of 964679.
964679
List the prime factors of 3276923.
13, 83, 3037
List the prime factors of 483015.
3, 5, 13, 2477
What are the prime factors of 560462?
2, 7, 19, 43
What are the prime factors of 7429986?
2, 3, 17, 24281
List the prime factors of 301252.
2, 7, 29, 53
What are the prime factors of 1718386?
2, 379, 2267
List the prime factors of 24159.
3, 8053
What are the prime factors of 194270?
2, 5, 19427
List the prime factors of 117574.
2, 58787
List the prime factors of 8923790.
2, 5, 43, 20753
List the prime factors of 174110.
2, 5, 23, 757
List the prime factors of 907793.
907793
What are the prime factors of 120178?
2, 60089
List the prime factors of 518041.
17, 31, 983
What are the prime factors of 5011886?
2, 11, 409, 557
What are the prime factors of 983474?
2, 491737
What are the prime factors of 10789642?
2, 41, 131581
What are the prime factors of 8243914?
2, 7, 103, 5717
List the prime factors of 340136.
2, 17, 41, 61
What are the prime factors of 78083?
113, 691
What are the prime factors of 195958?
2, 7, 13997
List the prime factors of 4172853.
3, 193, 7207
List the prime factors of 28808815.
5, 7, 59, 1993
List the prime factors of 413788.
2, 31, 47, 71
List the prime factors of 3380776.
2, 7, 73, 827
List the prime factors of 2580121.
37, 137, 509
List the prime factors of 75621.
3, 7, 13, 277
What are the prime factors of 196202?
2, 98101
What are the prime factors of 12109376?
2, 431, 439
What are the prime factors of 8992366?
2, 41, 109663
List the prime factors of 5490785.
5, 71, 15467
List the prime factors of 508203.
3, 56467
What are the prime factors of 1200751?
1200751
List the prime factors of 2653316.
2, 439, 1511
What are the prime factors of 2154322?
2, 1077161
List the prime factors of 1075257.
3, 37, 3229
What are the prime factors of 4204987?
67, 62761
List the prime factors of 3095944.
2, 386993
List the prime factors of 5237043.
3, 7, 249383
List the prime factors of 2524980.
2, 3, 5, 42083
What are the prime factors of 8879?
13, 683
What are the prime factors of 9702991?
37, 191, 1373
List the prime factors of 1364636.
2, 7, 13, 23, 163
What are the prime factors of 12329182?
2, 17, 107, 3389
List the prime factors of 973510.
2, 5, 67, 1453
List the prime factors of 104582.
2, 52291
What are the prime factors of 141617?
7, 20231
List the prime factors of 1688259.
3, 562753
What are the prime factors of 54770?
2, 5, 5477
What are the prime factors of 1364825?
5, 7, 11, 709
List the prime factors of 238403.
11, 21673
What are the prime factors of 674744?
2, 7, 12049
What are the prime factors of 1221335?
5, 29, 8423
What are the prime factors of 2198120?
2, 5, 179, 307
What are the prime factors of 755659?
383, 1973
List the prime factors of 1646176.
2, 7, 7349
What are the prime factors of 3974214?
2, 3, 662369
What are the prime factors of 121330?
2, 5, 11, 1103
List the prime factors of 12067202.
2, 7, 41, 21023
What are the prime factors of 2632013?
19, 83, 1669
List the prime factors of 2700684.
2, 3, 7, 1531
List the prime factors of 94464.
2, 3, 41
What are the prime factors of 99223?
99223
List the prime factors of 3699012.
2, 3, 199, 1549
List the prime factors of 6875708.
2, 7, 245561
List the prime factors of 3581257.
3581257
What are the prime factors of 8906929?
17, 523937
What are the prime factors of 900196?
2, 11, 41, 499
What are the prime factors of 928266?
2, 3, 131, 1181
What are the prime factors of 1429828?
2, 37, 9661
List the prime factors of 11154143.
7, 11, 13, 1013
List the prime factors of 1359686.
2, 679843
List the prime factors of 29532327.
3, 11, 19, 37, 67
List the prime factors of 3767871.
3, 19, 66103
What are the prime factors of 19303421?
31, 541, 1151
What are the prime factors of 77446?
2, 38723
List the prime factors of 46774.
2, 7, 13, 257
What are the prime factors of 2502523?
151, 16573
What are the prime factors of 660348?
2, 3, 13, 17, 83
What are the prime factors of 277172?
2, 7, 19, 521
List the prime factors of 225263.
225263
List the prime factors of 273245.
5, 7, 37, 211
List the prime factors of 154624.
2, 151
What are the prime factors of 304228?
2, 19, 4003
What are the prime factors of 322671?
3, 59, 1823
What are the prime factors of 582310?
2, 5, 58231
List the prime factors of 1169326.
2, 584663
List the prime factors of 4213084.
2, 1053271
List the prime factors of 3579989.
7, 73061
List the prime factors of 9020147.
9020147
What are the prime factors of 11426769?
3, 1269641
List the prime factors of 10593021.
3, 3531007
What are the prime factors of 253614?
2, 3, 43, 983
List the prime factors of 57552.
2, 3, 11, 109
List the prime factors of 2577167.
2577167
List the prime factors of 419120.
2, 5, 13, 31
What are the prime factors of 9273711?
3, 47, 89, 739
What are the prime factors of 11076524?
2, 23, 120397
What are the prime factors of 5381407?
43, 125149
What are the prime factors of 322886?
2, 19, 29, 293
What are the prime factors of 247156?
2, 7, 13, 97
List the prime factors of 142404.
2, 3, 11867
List the prime factors of 237841.
41, 5801
List the prime factors of 505519.
7, 257, 281
List the prime factors of 24186.
2, 3, 29, 139
What are the prime factors of 4324312?
2, 540539
List the prime factors of 223917.
3, 101, 739
List the prime factors of 99198.
2, 3, 11, 167
What are the prime factors of 110035?
5, 59, 373
List the prime factors of 1862071.
907, 2053
What are the prime factors of 96755?
5, 37, 523
List the prime factors of 2619052.
2, 109, 6007
What are the prime factors of 1323148?
2, 330787
List the prime factors of 3934248.
2, 3, 163927
List the prime factors of 164547.
3, 47, 389
List the prime factors of 450397.
461, 977
List the prime factors of 35396678.
2, 23, 73, 83, 127
List the prime factors of 2968497.
3, 7, 47119
What are the prime factors of 5041436?
2, 1260359
What are the prime factors of 855041?
11, 77731
List the prime factors of 9862005.
3, 5, 179, 3673
List the prime factors of 4335155.
5, 11, 23, 149
What are the prime factors of 3783199?
7, 107, 5051
List the prime factors of 2086688.
2, 61, 1069
List the prime factors of 33896843.
2797, 12119
List the prime factors of 14416929.
3, 23, 257, 271
What are the prime factors of 43648?
2, 11, 31
What are the prime factors of 562864?
2, 127, 277
List the prime factors of 175016.
2, 131, 167
What are the prime factors of 451784?
2, 56473
List the prime factors of 3174184.
2, 13, 23, 1327
What are the prime factors of 3894857?
3894857
What are the prime factors of 290424?
2, 3, 12101
List the prime factors of 2598529.
71, 36599
List the prime factors of 3152720.
2, 5, 39409
List the prime factors of 18142163.
13, 1395551
What are the prime factors of 234174?
2, 3, 31, 1259
What are the prime factors of 292162?
2, 13, 17, 661
What are the prime factors of 8123716?
2, 19, 139, 769
List the prime factors of 1506312.
2, 3, 20921
What are the prime factors of 2675938?
2, 1337969
List the prime factors of 391196.
2, 13, 7523
What are the prime factors of 3820590?
2, 3, 5, 42451
List the prime factors of 342647.
342647
What are the prime factors of 257112?
2, 3, 3571
List the prime factors of 951751.
29, 37, 887
List the prime factors of 149705.
5, 79, 379
List the prime factors of 295392.
2, 3, 17, 181
What are the prime factors of 9648?
2, 3, 67
List the prime factors of 154427.
7, 13, 1697
What are the prime factors of 15757707?
3, 7, 19, 73, 541
What are the prime factors of 779921?
59, 13219
What are the prime factors of 18888957?
3, 23, 10139
List the prime factors of 4779167.
61, 78347
What are the prime factors of 1339202?
2, 71, 9431
List the prime factors of 7472536.
2, 934067
What are the prime factors of 2152017?
3, 7, 34159
What are the prime factors of 9964400?
2, 5, 29, 859
What are the prime factors of 2041466?
2, 7, 145819
List the prime factors of 678824.
2, 53, 16